{"id":9921,"date":"2021-01-04T11:35:23","date_gmt":"2021-01-04T10:35:23","guid":{"rendered":"https:\/\/www.philodex.com\/lit\/?page_id=9921"},"modified":"2021-03-30T20:05:14","modified_gmt":"2021-03-30T18:05:14","slug":"praeambel","status":"publish","type":"page","link":"https:\/\/www.philodex.com\/lit\/praeambel\/","title":{"rendered":"Pr\u00e4ambel"},"content":{"rendered":"<h2>Pr\u00e4ambel<\/h2>\n<h5>Das erste Eindruck ist der Beste um dem Menschsein Zeugnis abzulegen.<\/h5>\n<p>Dazu dient vor allem die <a title=\"Sprache\" href=\"https:\/\/www.philodex.com\/lit\/sprache\" target=\"_blank\" rel=\"noopener noreferrer\">Sprache<\/a>, die Ausdrucksweise in der <a title=\"Kommunikation\" href=\"https:\/\/www.philodex.com\/lit\/kommunikation\" target=\"_blank\" rel=\"noopener noreferrer\">Kommunikation<\/a>, das <a title=\"Zwiegespr\u00e4ch\" href=\"https:\/\/www.philodex.com\/lit\/zwiegesprach\" target=\"_blank\" rel=\"noopener noreferrer\">Zwiegespr\u00e4ch<\/a> ohne <a title=\"Kommandieren\" href=\"https:\/\/www.philodex.com\/lit\/kommandieren\" target=\"_blank\" rel=\"noopener noreferrer\">kommandieren<\/a> oder <a title=\"Delegieren\" href=\"https:\/\/www.philodex.com\/lit\/delegieren\" target=\"_blank\" rel=\"noopener noreferrer\">delegieren<\/a>, da\u00df ohne <a title=\"Heuchelei\" href=\"https:\/\/www.philodex.com\/lit\/heuchelei\" target=\"_blank\" rel=\"noopener noreferrer\">Heuchelei<\/a> in <a title=\"Freundschaft\" href=\"https:\/\/www.philodex.com\/lit\/freundschaft\" target=\"_blank\" rel=\"noopener noreferrer\">Freundschaft<\/a> gef\u00fchrt wird. Es ist aber von zweifelhaften Erfolg gekr\u00f6nt, wenn <a title=\"Wahrheit\" href=\"https:\/\/www.philodex.com\/lit\/wahrheit\" target=\"_blank\" rel=\"noopener noreferrer\">Wahrheit<\/a> erstickt, <a title=\"Hoffnung\" href=\"https:\/\/www.philodex.com\/lit\/hoffnung\" target=\"_blank\" rel=\"noopener noreferrer\">Hoffnung<\/a>, Motivation, <a title=\"Ehrgeiz\" href=\"https:\/\/www.philodex.com\/lit\/ehrgeiz\" target=\"_blank\" rel=\"noopener noreferrer\">Ehrgeiz<\/a> ausgelaugt und <a title=\"Macht\" href=\"https:\/\/www.philodex.com\/lit\/macht\" target=\"_blank\" rel=\"noopener noreferrer\">Macht<\/a>, <a title=\"Reichtum\" href=\"https:\/\/www.philodex.com\/lit\/reichtum\" target=\"_blank\" rel=\"noopener noreferrer\">Reichtum<\/a> oder <a title=\"Ruhm\" href=\"https:\/\/www.philodex.com\/lit\/ruhm\" target=\"_blank\" rel=\"noopener noreferrer\">Ruhm<\/a> <a title=\"Ausgen\u00fctzt\" href=\"https:\/\/www.philodex.com\/lit\/ausgenutzt\" target=\"_blank\" rel=\"noopener noreferrer\">ausgen\u00fctzt<\/a> wird. Jede <a title=\"Weltanschauung\" href=\"https:\/\/www.philodex.com\/lit\/weltanschauung\" target=\"_blank\" rel=\"noopener noreferrer\">Weltanschauung<\/a> wird ohne <a title=\"Ehre\" href=\"https:\/\/www.philodex.com\/lit\/ehre\" target=\"_blank\" rel=\"noopener noreferrer\">Ehre<\/a>, <a title=\"Logik\" href=\"https:\/\/www.philodex.com\/lit\/logik\" target=\"_blank\" rel=\"noopener noreferrer\">Logik<\/a> und <a title=\"Kultur\" href=\"https:\/\/www.philodex.com\/lit\/kultur\" target=\"_blank\" rel=\"noopener noreferrer\">Kultur<\/a> zur L\u00fcge, wird abh\u00e4ngig von der <a title=\"Kunst\" href=\"https:\/\/www.philodex.com\/lit\/kunst\" target=\"_blank\" rel=\"noopener noreferrer\">Kunst<\/a> der <a title=\"Expletiv\" href=\"https:\/\/www.philodex.com\/lit\/expletiv\" target=\"_blank\" rel=\"noopener noreferrer\">expletiven Rede<\/a>. <a title=\"Intrigen\" href=\"https:\/\/www.philodex.com\/lit\/intrigen\" target=\"_blank\" rel=\"noopener noreferrer\">Intrigen<\/a> werden <a title=\"Transparent\" href=\"https:\/\/www.philodex.com\/lit\/transparent\" target=\"_blank\" rel=\"noopener noreferrer\">Transparent<\/a>, <a title=\"Gerechtigkeit\" href=\"https:\/\/www.philodex.com\/lit\/gerechtigkeit\" target=\"_blank\" rel=\"noopener noreferrer\">Gerechtigkeit<\/a> <a title=\"Ungewi\u00df\" href=\"https:\/\/www.philodex.com\/lit\/ungewiss\" target=\"_blank\" rel=\"noopener noreferrer\">ungewi\u00df<\/a> und der daraus resultierende <a title=\"\u00c4rger\" href=\"https:\/\/www.philodex.com\/lit\/arger\" target=\"_blank\" rel=\"noopener noreferrer\">\u00e4rger<\/a> und <a title=\"Frust\" href=\"https:\/\/www.philodex.com\/lit\/frust\" target=\"_blank\" rel=\"noopener noreferrer\">Frust<\/a> m\u00fcndet in die <a title=\"M\u00fcde\" href=\"https:\/\/www.philodex.com\/lit\/mude\" target=\"_blank\" rel=\"noopener noreferrer\">m\u00fcde<\/a> <a title=\"Politik\" href=\"https:\/\/www.philodex.com\/lit\/politik\" target=\"_blank\" rel=\"noopener noreferrer\">Politik<\/a> der <a title=\"Buchstabenspielereien\" href=\"https:\/\/www.philodex.com\/lit\/buchstabenspielereien\" target=\"_blank\" rel=\"noopener noreferrer\">Buchstabenspielerei<\/a> ohne <a title=\"Liebe\" href=\"https:\/\/www.philodex.com\/lit\/liebe\" target=\"_blank\" rel=\"noopener noreferrer\">Liebe<\/a> zum Detail und die Abiogenese neuer Zwischenmenschlichkeit wird zum <a title=\"Gegensatz\" href=\"https:\/\/www.philodex.com\/lit\/gegensatz\" target=\"_blank\" rel=\"noopener noreferrer\">Gegensatz<\/a> der Symbiose <a title=\"Entlassen\" href=\"https:\/\/www.philodex.com\/lit\/entlassen\" target=\"_blank\" rel=\"noopener noreferrer\">entlassen<\/a> &#8211;<\/p>\n<p>im Zeugnis des Menschseins aber steht \u201cr\u00fcckgratloser <a title=\"Gummifisch\" href=\"https:\/\/www.philodex.com\/lit\/gummifisch\" target=\"_blank\" rel=\"noopener noreferrer\">Gummifisch<\/a>\u201d.<\/p>\n","protected":false},"excerpt":{"rendered":"<p>Pr\u00e4ambel Das erste Eindruck ist der Beste um dem Menschsein Zeugnis abzulegen. Dazu dient vor allem die Sprache, die Ausdrucksweise in der Kommunikation, das Zwiegespr\u00e4ch ohne kommandieren oder delegieren, da\u00df ohne Heuchelei in Freundschaft gef\u00fchrt wird. Es ist aber von zweifelhaften Erfolg gekr\u00f6nt, wenn Wahrheit erstickt, Hoffnung, Motivation, Ehrgeiz ausgelaugt und Macht, Reichtum oder Ruhm &hellip; <a href=\"https:\/\/www.philodex.com\/lit\/praeambel\/\" class=\"more-link\"><span class=\"screen-reader-text\">\u201ePr\u00e4ambel\u201c<\/span> weiterlesen<\/a><\/p>\n","protected":false},"author":1,"featured_media":0,"parent":0,"menu_order":0,"comment_status":"closed","ping_status":"closed","template":"","meta":{"_monsterinsights_skip_tracking":false,"_monsterinsights_sitenote_active":false,"_monsterinsights_sitenote_note":"","_monsterinsights_sitenote_category":0,"footnotes":""},"class_list":["post-9921","page","type-page","status-publish","hentry"],"aioseo_notices":[],"jetpack_sharing_enabled":true,"jetpack_likes_enabled":true,"_links":{"self":[{"href":"https:\/\/www.philodex.com\/lit\/wp-json\/wp\/v2\/pages\/9921","targetHints":{"allow":["GET"]}}],"collection":[{"href":"https:\/\/www.philodex.com\/lit\/wp-json\/wp\/v2\/pages"}],"about":[{"href":"https:\/\/www.philodex.com\/lit\/wp-json\/wp\/v2\/types\/page"}],"author":[{"embeddable":true,"href":"https:\/\/www.philodex.com\/lit\/wp-json\/wp\/v2\/users\/1"}],"replies":[{"embeddable":true,"href":"https:\/\/www.philodex.com\/lit\/wp-json\/wp\/v2\/comments?post=9921"}],"version-history":[{"count":1,"href":"https:\/\/www.philodex.com\/lit\/wp-json\/wp\/v2\/pages\/9921\/revisions"}],"predecessor-version":[{"id":9922,"href":"https:\/\/www.philodex.com\/lit\/wp-json\/wp\/v2\/pages\/9921\/revisions\/9922"}],"wp:attachment":[{"href":"https:\/\/www.philodex.com\/lit\/wp-json\/wp\/v2\/media?parent=9921"}],"curies":[{"name":"wp","href":"https:\/\/api.w.org\/{rel}","templated":true}]}}